
2, 7, 97
List the prime factors of 2553961.
17, 19, 7907
List the prime factors of 308486.
2, 154243
What are the prime factors of 28089?
3, 3121
List the prime factors of 1610298.
2, 3, 137, 653
What are the prime factors of 26240799?
3, 13, 73, 709
What are the prime factors of 2035287?
3, 25127
What are the prime factors of 17841118?
2, 89, 113, 887
What are the prime factors of 12435682?
2, 7, 888263
List the prime factors of 438144.
2, 3, 7, 163
What are the prime factors of 832812?
2, 3, 69401
What are the prime factors of 12758568?
2, 3, 17, 31271
List the prime factors of 411518.
2, 205759
What are the prime factors of 34193?
31, 1103
List the prime factors of 15429300.
2, 3, 5, 51431
What are the prime factors of 785553?
3, 17, 73, 211
What are the prime factors of 190947?
3, 63649
List the prime factors of 1826025.
3, 5, 97, 251
List the prime factors of 6424745.
5, 733, 1753
What are the prime factors of 30830873?
107, 467, 617
List the prime factors of 35071.
17, 2063
What are the prime factors of 4454660?
2, 5, 7, 47, 677
What are the prime factors of 2172454?
2, 61, 17807
List the prime factors of 333359.
13, 25643
What are the prime factors of 3929310?
2, 3, 5, 7, 11
List the prime factors of 1072285.
5, 214457
List the prime factors of 11476195.
5, 23, 99793
List the prime factors of 1750256.
2, 109391
What are the prime factors of 1287664?
2, 7, 11497
List the prime factors of 667480.
2, 5, 11, 37, 41
What are the prime factors of 17967775?
5, 7, 102673
What are the prime factors of 296333?
37, 8009
List the prime factors of 4210646.
2, 11, 43, 4451
What are the prime factors of 2800101?
3, 109, 8563
List the prime factors of 23293250.
2, 5, 23, 4051
What are the prime factors of 1257956?
2, 7, 44927
What are the prime factors of 462825?
3, 5, 11, 17
List the prime factors of 33669043.
43, 193, 4057
List the prime factors of 9014541.
3, 3004847
List the prime factors of 4202749.
137, 30677
List the prime factors of 72616.
2, 29, 313
List the prime factors of 54634.
2, 59, 463
List the prime factors of 2974651.
2974651
List the prime factors of 32244696.
2, 3, 11, 41, 331
List the prime factors of 409576.
2, 51197
What are the prime factors of 333858?
2, 3, 7, 7949
List the prime factors of 104115.
3, 5, 11, 631
What are the prime factors of 3266719?
67, 48757
What are the prime factors of 24614?
2, 31, 397
What are the prime factors of 162730?
2, 5, 16273
List the prime factors of 4059302.
2, 13, 156127
What are the prime factors of 15841891?
13, 93739
List the prime factors of 432994.
2, 149, 1453
What are the prime factors of 98599?
43, 2293
What are the prime factors of 245682?
2, 3, 13649
What are the prime factors of 11831190?
2, 3, 5, 7, 53, 1063
List the prime factors of 563534.
2, 281767
What are the prime factors of 2650376?
2, 31, 10687
List the prime factors of 5331956.
2, 7, 191, 997
List the prime factors of 10069863.
3, 829, 4049
List the prime factors of 95841.
3, 23, 463
What are the prime factors of 1009995?
3, 5, 7, 9619
List the prime factors of 14597093.
7, 2085299
List the prime factors of 245164.
2, 61291
What are the prime factors of 8645037?
3, 491, 5869
What are the prime factors of 1723944?
2, 3, 109, 659
List the prime factors of 645429.
3, 215143
List the prime factors of 3975071.
409, 9719
What are the prime factors of 1019697?
3, 7, 59, 823
List the prime factors of 235327.
139, 1693
What are the prime factors of 540541?
540541
List the prime factors of 1892406.
2, 3, 17, 18553
List the prime factors of 945302.
2, 17, 27803
List the prime factors of 331596.
2, 3, 61, 151
What are the prime factors of 6344993?
19, 107, 3121
List the prime factors of 98425.
5, 31, 127
List the prime factors of 2248754.
2, 1124377
List the prime factors of 18936159.
3, 11, 29, 47, 421
What are the prime factors of 31498?
2, 15749
List the prime factors of 7072568.
2, 601, 1471
List the prime factors of 2973808.
2, 23, 8081
List the prime factors of 198685.
5, 79, 503
What are the prime factors of 687560?
2, 5, 17189
What are the prime factors of 3319592?
2, 414949
List the prime factors of 399660.
2, 3, 5, 6661
List the prime factors of 6136542.
2, 3, 340919
List the prime factors of 240718.
2, 23, 5233
What are the prime factors of 1502951?
491, 3061
What are the prime factors of 269571?
3, 59, 1523
List the prime factors of 418611.
3, 139537
What are the prime factors of 534942?
2, 3, 113, 263
List the prime factors of 169827.
3, 7, 8087
What are the prime factors of 586971?
3, 7, 11
What are the prime factors of 114420?
2, 3, 5, 1907
List the prime factors of 233250.
2, 3, 5, 311
What are the prime factors of 12456756?
2, 3, 13, 43, 619
What are the prime factors of 2669921?
127, 21023
What are the prime factors of 1712233?
229, 7477
What are the prime factors of 682511?
682511
List the prime factors of 3912390.
2, 3, 5, 29, 1499
List the prime factors of 1275013.
821, 1553
List the prime factors of 337384.
2, 181, 233
List the prime factors of 2730551.
211, 12941
List the prime factors of 537279.
3, 79, 2267
What are the prime factors of 7553862?
2, 3, 29, 499
What are the prime factors of 12375881?
7, 17, 83, 179
List the prime factors of 4237949.
107, 39607
What are the prime factors of 1310900?
2, 5, 13109
List the prime factors of 33680831.
659, 51109
List the prime factors of 144352.
2, 13, 347
List the prime factors of 10809827.
7, 53, 29137
List the prime factors of 2450385.
3, 5, 7, 2593
List the prime factors of 10849673.
10849673
List the prime factors of 4199790.
2, 3, 5, 7, 2857
List the prime factors of 2683248.
2, 3, 55901
List the prime factors of 2423213.
13, 53, 3517
List the prime factors of 608123.
608123
List the prime factors of 227141.
197, 1153
List the prime factors of 12824322.
2, 3, 7, 29, 10529
What are the prime factors of 18810894?
2, 3, 1559, 2011
List the prime factors of 228549.
3, 29, 37, 71
What are the prime factors of 13969100?
2, 5, 163, 857
List the prime factors of 1069795.
5, 19, 11261
What are the prime factors of 2142169?
2142169
What are the prime factors of 326127?
3, 108709
List the prime factors of 648567.
3, 17, 157
List the prime factors of 13778082.
2, 3, 181, 4229
List the prime factors of 198765.
3, 5, 7, 631
List the prime factors of 4652527.
11, 479, 883
What are the prime factors of 237245?
5, 23, 2063
What are the prime factors of 92306?
2, 46153
What are the prime factors of 2630646?
2, 3, 101, 1447
What are the prime factors of 2591252?
2, 311, 2083
List the prime factors of 476.
2, 7, 17
What are the prime factors of 1714453?
13, 43, 3067
List the prime factors of 24336.
2, 3, 13
What are the prime factors of 628250?
2, 5, 7, 359
List the prime factors of 1648386.
2, 3, 91577
What are the prime factors of 2350714?
2, 241, 4877
What are the prime factors of 561312?
2, 3, 1949
What are the prime factors of 284686?
2, 137, 1039
List the prime factors of 121005.
3, 5, 2689
What are the prime factors of 3072661?
19, 59, 2741
List the prime factors of 522145.
5, 13, 29, 277
What are the prime factors of 396569?
227, 1747
List the prime factors of 199744.
2, 3121
List the prime factors of 2295610.
2, 5, 229561
List the prime factors of 120216.
2, 3, 5009
List the prime factors of 3509297.
11, 319027
What are the prime factors of 1158240?
2, 3, 5, 19, 127
What are the prime factors of 17845?
5, 43, 83
What are the prime factors of 178303?
37, 61, 79
What are the prime factors of 188820?
2, 3, 5, 1049
What are the prime factors of 819393?
3, 273131
What are the prime factors of 111618?
2, 3, 13, 53
List the prime factors of 274277.
274277
List the prime factors of 2453495.
5, 11, 31, 1439
What are the prime factors of 478348?
2, 13, 9199
What are the prime factors of 839642?
2, 419821
What are the prime factors of 35337486?
2, 3, 29, 43, 4723
What are the prime factors of 602995?
5, 83, 1453
What are the prime factors of 9427412?
2, 863, 2731
What are the prime factors of 330359?
330359
What are the prime factors of 18218999?
163, 111773
List the prime factors of 1576146.
2, 3, 11, 13, 167
List the prime factors of 710085.
3, 5, 47339
What are the prime factors of 657118?
2, 7, 11, 17, 251
List the prime factors of 123731.
123731
List the prime factors of 586